What is the remainder when 261762 is divided by 23?
22
What is the remainder when 18548 is divided by 635?
133
What is the remainder when 16720 is divided by 28?
4
Calculate the remainder when 30047 is divided by 1104.
239
What is the remainder when 30541 is divided by 92?
89
What is the remainder when 91725 is divided by 269?
265
What is the remainder when 507019 is divided by 425?
419
Calculate the remainder when 18898 is divided by 84.
82
What is the remainder when 11952 is divided by 28?
24
Calculate the remainder when 35767 is divided by 11921.
4
Calculate the remainder when 58648 is divided by 223.
222
Calculate the remainder when 9316 is divided by 47.
10
What is the remainder when 3309 is divided by 19?
3
What is the remainder when 40182 is divided by 294?
198
What is the remainder when 2087 is divided by 761?
565
Calculate the remainder when 7761654 is divided by 952.
950
What is the remainder when 126632 is divided by 95?
92
Calculate the remainder when 37236 is divided by 10.
6
Calculate the remainder when 333777 is divided by 83443.
5
What is the remainder when 35260 is divided by 37?
36
What is the remainder when 8684 is divided by 139?
66
Calculate the remainder when 9507 is divided by 23.
8
Calculate the remainder when 4299 is divided by 240.
219
Calculate the remainder when 2179 is divided by 437.
431
What is the remainder when 40078 is divided by 5?
3
Calculate the remainder when 22891 is divided by 4554.
121
What is the remainder when 2129 is divided by 835?
459
Calculate the remainder when 1334199 is divided by 3.
0
Calculate the remainder when 194044 is divided by 4975.
19
What is the remainder when 10004 is divided by 42?
8
What is the remainder when 698 is divided by 223?
29
What is the remainder when 6109 is divided by 22?
15
What is the remainder when 3633 is divided by 329?
14
What is the remainder when 490 is divided by 415?
75
Calculate the remainder when 56611 is divided by 5660.
11
What is the remainder when 57704 is divided by 22?
20
Calculate the remainder when 89815 is divided by 14.
5
What is the remainder when 61810 is divided by 195?
190
Calculate the remainder when 11841 is divided by 2957.
13
Calculate the remainder when 158468 is divided by 65.
63
Calculate the remainder when 776 is divided by 233.
77
Calculate the remainder when 1712 is divided by 567.
11
Calculate the remainder when 196592 is divided by 62.
52
Calculate the remainder when 17518 is divided by 107.
77
What is the remainder when 35036 is divided by 77?
1
Calculate the remainder when 8862 is divided by 22.
18
Calculate the remainder when 56950 is divided by 116.
110
Calculate the remainder when 25919 is divided by 8340.
899
Calculate the remainder when 13062 is divided by 327.
309
Calculate the remainder when 3694 is divided by 139.
80
What is the remainder when 43460 is divided by 14458?
86
What is the remainder when 15622 is divided by 15?
7
What is the remainder when 48849 is divided by 4070?
9
Calculate the remainder when 2068 is divided by 484.
132
What is the remainder when 6697 is divided by 3348?
1
Calculate the remainder when 1861 is divided by 267.
259
What is the remainder when 5813 is divided by 581?
3
Calculate the remainder when 168688 is divided by 30.
28
What is the remainder when 133439 is divided by 13?
7
What is the remainder when 5047 is divided by 24?
7
What is the remainder when 11623 is divided by 430?
13
Calculate the remainder when 32057 is divided by 74.
15
Calculate the remainder when 179450 is divided by 128.
122
What is the remainder when 5282 is divided by 478?
24
Calculate the remainder when 194068 is divided by 15.
13
What is the remainder when 9031 is divided by 222?
151
What is the remainder when 3267212 is divided by 8?
4
Calculate the remainder when 41128 is divided by 11.
10
Calculate the remainder when 165794 is divided by 10362.
2
What is the remainder when 5038 is divided by 1677?
7
Calculate the remainder when 222472 is divided by 427.
5
Calculate the remainder when 33809 is divided by 51.
47
Calculate the remainder when 23425 is divided by 672.
577
What is the remainder when 4336 is divided by 82?
72
What is the remainder when 112815 is divided by 105?
45
What is the remainder when 1543 is divided by 149?
53
What is the remainder when 2721 is divided by 2551?
170
What is the remainder when 182369 is divided by 45588?
17
Calculate the remainder when 12235 is divided by 6105.
25
Calculate the remainder when 38051 is divided by 14.
13
Calculate the remainder when 357 is divided by 45.
42
Calculate the remainder when 1055 is divided by 526.
3
What is the remainder when 41579 is divided by 43?
41
What is the remainder when 12079 is divided by 1005?
19
Calculate the remainder when 219233 is divided by 19.
11
Calculate the remainder when 12635 is divided by 20.
15
What is the remainder when 11265 is divided by 5558?
149
Calculate the remainder when 170794 is divided by 56928.
10
Calculate the remainder when 31085 is divided by 6212.
25
Calculate the remainder when 10793 is divided by 903.
860
Calculate the remainder when 1700 is divided by 422.
12
What is the remainder when 127993 is divided by 345?
343
What is the remainder when 554 is divided by 279?
275
Calculate the remainder when 14058 is divided by 562.
8
Calculate the remainder when 24144 is divided by 29.
16
Calculate the remainder when 190851 is divided by 88.
67
Calculate the remainder when 25256 is divided by 1007.
81
Calculate the remainder when 1313367 is divided by 94.
93
Calculate the remainder when 9929 is divided by 2482.
1
What is the remainder when 88609 is divided by 55?
4
Calculate the remainder when 2547906 is divided by 1281.
1278
What is the remainder when 101880 is divided by 512?
504
What is the remainder when 1985 is divided by 132?
5
Calculate the remainder when 136592 is divided by 20.
12
Calculate the remainder when 2141 is divided by 534.
5
What is the remainder when 166482 is divided by 13?
4
Calculate the remainder when 2308 is divided by 210.
208
Calculate the remainder when 55099 is divided by 32.
27
What is the remainder when 188331 is divided by 94148?
35
Calculate the remainder when 1716 is divided by 554.
54
What is the remainder when 40801 is divided by 29?
27
What is the remainder when 380525 is divided by 3?
2
Calculate the remainder when 16398 is divided by 51.
27
Calculate the remainder when 24333 is divided by 580.
553
What is the remainder when 14883 is divided by 498?
441
Calculate the remainder when 8328 is divided by 490.
488
What is the remainder when 44163 is divided by 9?
0
Calculate the remainder when 1588 is divided by 1530.
58
What is the remainder when 1444 is divided by 583?
278
What is the remainder when 1311 is divided by 750?
561
What is the remainder when 8584 is divided by 42?
16
What is the remainder when 496083 is divided by 17?
6
What is the remainder when 4502 is divided by 375?
2
What is the remainder when 1266170 is divided by 26?
22
Calculate the remainder when 5039 is divided by 38.
23
Calculate the remainder when 2042 is divided by 1238.
804
Calculate the remainder when 497 is divided by 37.
16
What is the remainder when 6582 is divided by 95?
27
Calculate the remainder when 921 is divided by 231.
228
Calculate the remainder when 8582 is divided by 4047.
488
Calculate the remainder when 4158 is divided by 461.
9
Calculate the remainder when 6322 is divided by 2106.
4
What is the remainder when 26564 is divided by 246?
242
What is the remainder when 11889 is divided by 3951?
36
What is the remainder when 2139141 is divided by 102?
99
Calculate the remainder when 49356 is divided by 617.
613
Calculate the remainder when 109835 is divided by 54913.
9
Calculate the remainder when 26157 is divided by 12.
9
Calculate the remainder when 124750 is divided by 19.
15
What is the remainder when 11472 is divided by 25?
22
Calculate the remainder when 710230 is divided by 102.
4
Calculate the remainder when 68605 is divided by 16.
13
Calculate the remainder when 252 is divided by 55.
32
What is the remainder when 24239 is divided by 258?
245
What is the remainder when 57745 is divided by 13?
12
Calculate the remainder when 553 is divided by 552.
1
Calculate the remainder when 412 is divided by 1